What is the remainder when 16332638 is divided by 5854?
5832
Calculate the remainder when 17511933 is divided by 5262.
5259
Calculate the remainder when 407031838 is divided by 4.
2
Calculate the remainder when 143903470 is divided by 37.
36
What is the remainder when 3148516 is divided by 264?
52
Calculate the remainder when 203953 is divided by 255.
208
What is the remainder when 11864087 is divided by 46?
43
What is the remainder when 75666 is divided by 95?
46
Calculate the remainder when 8229040 is divided by 1028623.
56
What is the remainder when 176457195 is divided by 5900?
5895
What is the remainder when 10090312 is divided by 619?
612
Calculate the remainder when 380998 is divided by 47401.
1790
What is the remainder when 3311387481 is divided by 4663?
4661
What is the remainder when 10586175 is divided by 13?
2
What is the remainder when 109140 is divided by 3432?
2748
What is the remainder when 22820841 is divided by 11410414?
13
Calculate the remainder when 15049550 is divided by 188116.
270
What is the remainder when 791451 is divided by 789641?
1810
What is the remainder when 8035265 is divided by 267837?
155
Calculate the remainder when 133864 is divided by 3608.
368
What is the remainder when 17959575 is divided by 142?
125
Calculate the remainder when 967514 is divided by 93.
35
Calculate the remainder when 4257581 is divided by 4257556.
25
Calculate the remainder when 445154 is divided by 87610.
7104
Calculate the remainder when 32917753 is divided by 100359.
1
Calculate the remainder when 796093 is divided by 795999.
94
What is the remainder when 1253899 is divided by 1031?
203
Calculate the remainder when 86686 is divided by 42887.
912
Calculate the remainder when 230681 is divided by 8007.
6485
Calculate the remainder when 2227979 is divided by 10366.
9655
What is the remainder when 1084196 is divided by 7180?
16
Calculate the remainder when 46444367 is divided by 29.
26
What is the remainder when 16279581 is divided by 5?
1
What is the remainder when 220291254 is divided by 15?
9
Calculate the remainder when 3151874 is divided by 95.
59
Calculate the remainder when 50209 is divided by 885.
649
What is the remainder when 816024 is divided by 816017?
7
Calculate the remainder when 255043 is divided by 25504.
3
What is the remainder when 1816714 is divided by 1118?
1082
Calculate the remainder when 404798 is divided by 134930.
8
Calculate the remainder when 1994239 is divided by 498557.
11
What is the remainder when 673180 is divided by 1240?
1100
What is the remainder when 262105 is divided by 79?
62
What is the remainder when 6770547 is divided by 11?
3
Calculate the remainder when 14251439 is divided by 5911.
18
Calculate the remainder when 66842 is divided by 19.
0
Calculate the remainder when 98314 is divided by 922.
582
What is the remainder when 22876460 is divided by 1654?
1640
What is the remainder when 6164940 is divided by 3082459?
22
What is the remainder when 308440 is divided by 7008?
88
What is the remainder when 11090 is divided by 1767?
488
Calculate the remainder when 192916 is divided by 2876.
224
What is the remainder when 52006015 is divided by 66?
61
Calculate the remainder when 9553893 is divided by 123.
114
What is the remainder when 35523 is divided by 7075?
148
Calculate the remainder when 47918 is divided by 1002.
824
What is the remainder when 1791465 is divided by 19058?
13
What is the remainder when 227388 is divided by 1411?
217
What is the remainder when 153810 is divided by 29308?
7270
Calculate the remainder when 367438642 is divided by 4965387.
4
What is the remainder when 209639226 is divided by 15?
6
What is the remainder when 76880 is divided by 2343?
1904
What is the remainder when 42136977 is divided by 118?
3
Calculate the remainder when 4185281 is divided by 418518.
101
What is the remainder when 72271 is divided by 892?
19
What is the remainder when 2993433 is divided by 2993427?
6
What is the remainder when 410235 is divided by 410216?
19
What is the remainder when 256444 is divided by 42283?
2746
What is the remainder when 5543119 is divided by 91?
36
Calculate the remainder when 244981 is divided by 18804.
529
What is the remainder when 74105 is divided by 261?
242
Calculate the remainder when 71751822 is divided by 2570.
2562
What is the remainder when 4585051 is divided by 672?
667
What is the remainder when 118788 is divided by 1263?
66
What is the remainder when 746994 is divided by 4788?
66
Calculate the remainder when 3354792 is divided by 8384.
1192
Calculate the remainder when 3538832 is divided by 196589.
230
What is the remainder when 96805 is divided by 238?
177
What is the remainder when 70630 is divided by 628?
294
What is the remainder when 41492 is divided by 96?
20
What is the remainder when 29078830 is divided by 364?
326
What is the remainder when 2679356 is divided by 26267?
122
What is the remainder when 4910655 is divided by 6645?
0
Calculate the remainder when 817448 is divided by 10218.
8
What is the remainder when 41116 is divided by 13151?
1663
What is the remainder when 6626624 is divided by 3898?
24
What is the remainder when 13492 is divided by 2077?
1030
What is the remainder when 33947 is divided by 16079?
1789
Calculate the remainder when 9385893 is divided by 201.
198
Calculate the remainder when 4135745 is divided by 251.
18
Calculate the remainder when 2639324 is divided by 2495.
2109
What is the remainder when 7867568 is divided by 11570?
11538
Calculate the remainder when 37344563 is divided by 79.
78
What is the remainder when 17301554 is divided by 5?
4
What is the remainder when 8913496 is divided by 125?
121
Calculate the remainder when 176048 is divided by 5053.
4246
What is the remainder when 1562065 is divided by 4425?
40
Calculate the remainder when 215740 is divided by 248.
228
Calculate the remainder when 232674 is divided by 143.
13
Calculate the remainder when 3395588 is divided by 1382.
14
Calculate the remainder when 367171 is divided by 122375.
46
Calculate the remainder when 319284 is divided by 208.
4
Calculate the remainder when 188493 is divided by 679.
410
Calculate the remainder when 770086 is divided by 88.
86
Calculate the remainder when 4678406 is divided by 15859.
1
What is the remainder when 1115549 is divided by 24?
5
What is the remainder when 2355482 is divided by 802?
8
Calculate the remainder when 13920976 is divided by 329.
328
What is the remainder when 28717 is divided by 10694?
7329
What is the remainder when 937074 is divided by 93705?
24
What is the remainder when 343524 is divided by 341771?
1753
What is the remainder when 143056 is divided by 1907?
31
Calculate the remainder when 5157623 is divided by 121.
119
What is the remainder when 210548 is divided by 34?
20
Calculate the remainder when 474826 is divided by 179.
118
Calculate the remainder when 13632012 is divided by 1913.
1887
What is the remainder when 429256 is divided by 429250?
6
What is the remainder when 79062346 is divided by 31176?
10
What is the remainder when 547312 is divided by 207?
4
What is the remainder when 1603227 is divided by 534388?
63
What is the remainder when 325199 is divided by 193?
187
What is the remainder when 30362 is divided by 7075?
2062
Calculate the remainder when 96924981 is divided by 74272.
21
What is the remainder when 2126136 is divided by 132881?
40
What is the remainder when 20853133 is divided by 201?
187
What is the remainder when 1044094 is divided by 4017?
3691
What is the remainder when 34163943 is divided by 19?
5
Calculate the remainder when 44569 is divided by 111.
58
Calculate the remainder when 7457 is divided by 1442.
247
What is the remainder when 1951155 is divided by 650281?
312
What is the remainder when 33084556 is divided by 2616?
4
Calculate the remainder when 102596444 is divided by 15.
14
What is the remainder when 1273032 is divided by 1482?
1476
Calculate the remainder when 355896 is divided by 118601.
93
What is the remainder when 95600 is divided by 776?
152
Calculate the remainder when 3762149 is divided by 29.
8
Calculate the remainder when 36532305 is divided by 664223.
40
What is the remainder when 224546 is divided by 3400?
146
Calculate the remainder when 979743 is divided b